.
14
Calculate the highest common divisor of 13549 and 17.
17
Calculate the greatest common factor of 27676 and 187.
187
What is the greatest common divisor of 164 and 123?
41
Calculate the highest common factor of 4350 and 87.
87
What is the greatest common factor of 48 and 1020?
12
What is the highest common factor of 29 and 3509?
29
Calculate the greatest common factor of 33 and 51.
3
Calculate the greatest common divisor of 21 and 28.
7
What is the greatest common factor of 765 and 45?
45
What is the highest common divisor of 1092 and 8892?
156
What is the greatest common divisor of 429 and 187?
11
What is the highest common factor of 14922 and 18?
18
Calculate the greatest common divisor of 286 and 26.
26
What is the greatest common divisor of 657 and 360?
9
What is the greatest common factor of 280 and 1640?
40
What is the highest common factor of 81 and 351?
27
Calculate the highest common factor of 272 and 32.
16
What is the greatest common factor of 91 and 224?
7
Calculate the highest common factor of 1872 and 8784.
144
What is the highest common factor of 153 and 117?
9
What is the highest common divisor of 76 and 348?
4
What is the highest common divisor of 420 and 180?
60
Calculate the highest common factor of 540 and 40.
20
What is the highest common divisor of 516 and 324?
12
What is the highest common divisor of 2204 and 44?
4
What is the highest common factor of 90 and 2250?
90
What is the greatest common divisor of 120 and 138?
6
Calculate the highest common divisor of 130 and 10.
10
What is the highest common factor of 102 and 5253?
51
Calculate the greatest common divisor of 55 and 44.
11
What is the greatest common factor of 20 and 1670?
10
What is the highest common divisor of 132 and 4818?
66
Calculate the greatest common factor of 29 and 377.
29
Calculate the greatest common factor of 824 and 88.
8
What is the greatest common divisor of 44 and 33?
11
Calculate the greatest common divisor of 4435 and 5.
5
What is the greatest common factor of 399 and 7315?
133
Calculate the greatest common divisor of 117630 and 18.
18
What is the greatest common factor of 284 and 7739?
71
Calculate the highest common divisor of 94 and 1081.
47
What is the greatest common divisor of 1791 and 36?
9
What is the highest common factor of 19 and 1539?
19
Calculate the greatest common factor of 336 and 42.
42
Calculate the greatest common divisor of 33 and 825.
33
What is the highest common factor of 2849 and 154?
77
What is the highest common divisor of 30 and 174?
6
What is the highest common divisor of 928 and 32?
32
Calculate the greatest common divisor of 38 and 38.
38
What is the greatest common factor of 208 and 16?
16
What is the greatest common factor of 3653 and 169?
13
What is the highest common factor of 426 and 5751?
213
What is the greatest common divisor of 4 and 108?
4
Calculate the greatest common factor of 368 and 200.
8
What is the highest common factor of 8099 and 356?
89
What is the greatest common factor of 145 and 203?
29
Calculate the highest common divisor of 174 and 7888.
58
Calculate the greatest common divisor of 17 and 34.
17
Calculate the greatest common divisor of 444 and 3404.
148
Calculate the greatest common divisor of 45 and 40.
5
What is the greatest common factor of 14820 and 19?
19
What is the greatest common factor of 8 and 352?
8
What is the greatest common factor of 75 and 15?
15
What is the greatest common factor of 13 and 25?
1
What is the highest common factor of 53 and 3?
1
Calculate the highest common factor of 45 and 36.
9
What is the highest common divisor of 732 and 12?
12
What is the highest common factor of 39 and 65?
13
Calculate the highest common divisor of 88 and 352.
88
Calculate the highest common divisor of 45735 and 30.
15
Calculate the greatest common divisor of 116 and 4.
4
What is the greatest common divisor of 14 and 87934?
14
Calculate the highest common divisor of 20 and 270.
10
Calculate the highest common factor of 22264 and 121.
121
What is the highest common divisor of 28640 and 160?
160
What is the highest common divisor of 13 and 12766?
13
Calculate the highest common factor of 416 and 13.
13
Calculate the highest common divisor of 58 and 37091.
29
Calculate the greatest common divisor of 16 and 464.
16
Calculate the highest common factor of 7 and 287.
7
What is the highest common divisor of 25 and 625?
25
What is the highest common divisor of 171 and 3629?
19
What is the greatest common factor of 105 and 14?
7
What is the highest common factor of 868 and 2356?
124
Calculate the greatest common factor of 3768 and 17427.
471
What is the highest common divisor of 12 and 24?
12
What is the greatest common factor of 70 and 15?
5
Calculate the highest common divisor of 95 and 2755.
95
Calculate the greatest common factor of 113 and 3051.
113
What is the greatest common divisor of 33 and 7689?
33
What is the greatest common divisor of 858 and 2046?
66
What is the greatest common factor of 57 and 152?
19
What is the greatest common factor of 3287 and 1?
1
Calculate the highest common factor of 72 and 7848.
72
Calculate the highest common divisor of 456 and 24.
24
Calculate the greatest common factor of 8 and 104.
8
Calculate the highest common divisor of 451 and 33.
11
Calculate the greatest common divisor of 1098 and 90.
18
Calculate the greatest common factor of 1012 and 8.
4
What is the highest common divisor of 1593 and 54?
27
Calculate the greatest common divisor of 30 and 1437.
3
Calculate the greatest common divisor of 185 and 111.
37
What is the greatest common divisor of 105 and 385?
35
Calculate the greatest common factor of 190 and 1045.
95
What is the greatest common divisor of 459 and 135?
27
Calculate the greatest common divisor of 44 and 124.
4
Calculate the highest common divisor of 25773 and 242.
121
Calculate the greatest common factor of 154 and 98.
14
Calculate the highest common factor of 64 and 5.
1
What is the greatest common factor of 24 and 108?
12
Calculate the greatest common divisor of 1241 and 73.
73
What is the highest common divisor of 72 and 264?
24
Calculate the highest common factor of 58775 and 25.
25
What is the greatest common divisor of 19 and 4180?
19
Calculate the greatest common divisor of 1397 and 11.
11
Calculate the greatest common factor of 770 and 70.
70
Calculate the highest common factor of 7572 and 12.
12
What is the greatest common factor of 1927 and 1886?
41
What is the highest common divisor of 4 and 1834?
2
What is the highest common divisor of 16 and 1520?
16
What is the greatest common factor of 85 and 3213?
17
Calculate the greatest common factor of 2 and 344.
2
What is the greatest common factor of 22 and 2189?
11
What is the greatest common factor of 24 and 4976?
8
Calculate the highest common divisor of 304 and 32.
16
What is the highest common factor of 870 and 90?
30
What is the highest common divisor of 555 and 370?
185
What is the greatest common divisor of 10 and 830?
10
What is the highest common divisor of 28 and 14?
14
What is the highest common factor of 5593 and 14?
7
Calculate the highest common factor of 31 and 1.
1
Calculate the greatest common divisor of 3402 and 168.
42
What is the greatest common factor of 12 and 12552?
12
What is the greatest common factor of 218 and 11554?
218
What is the highest common divisor of 684 and 153?
9
What is the highest common factor of 30 and 435?
15
Calculate the greatest common divisor of 60 and 195.
15
What is the highest common divisor of 255 and 85?
85
What is the highest common factor of 69 and 22333?
23
What is the highest common factor of 252 and 1152?
36
What is the highest common divisor of 22 and 968?
22
What is the highest common factor of 6708 and 18?
6
Calculate the greatest common divisor of 169 and 117.
13
Calculate the greatest common factor of 2 and 32.
2
What is the highest common factor of 312 and 8216?
104
What is the highest common factor of 9 and 243?
9
What is the greatest common factor of 40 and 424?
8
What is the highest common divisor of 11100 and 800?
100
What is the greatest common divisor of 22 and 1034?
22
What is the highest common divisor of 132 and 516?
12
What is the highest common divisor of 55 and 44?
11
What is the highest common divis